{"id":473,"date":"2018-04-03T12:42:58","date_gmt":"2018-04-03T12:42:58","guid":{"rendered":"http:\/\/www.crassoyoregioni.com.ar\/paisajesdomesticados\/?page_id=473"},"modified":"2024-04-11T13:42:49","modified_gmt":"2024-04-11T16:42:49","slug":"hacer-arqueologia","status":"publish","type":"page","link":"https:\/\/www.saantropologia.com.ar\/territorios-ancestrales\/hacer-arqueologia\/","title":{"rendered":"Las primeras aldeas del Noroeste"},"content":{"rendered":"<p><a href=\"http:\/\/www.saantropologia.com.ar\/territorios-ancestrales\/wp-content\/uploads\/2020\/05\/P1C4-1-Web.jpg\" data-lightbox=\"gal[473]\"><img loading=\"lazy\" decoding=\"async\" class=\"wp-image-676 aligncenter\" src=\"http:\/\/www.saantropologia.com.ar\/territorios-ancestrales\/wp-content\/uploads\/2020\/05\/P1C4-1-Web.jpg\" alt=\"\" width=\"812\" height=\"602\" srcset=\"https:\/\/www.saantropologia.com.ar\/territorios-ancestrales\/wp-content\/uploads\/2020\/05\/P1C4-1-Web.jpg 630w, https:\/\/www.saantropologia.com.ar\/territorios-ancestrales\/wp-content\/uploads\/2020\/05\/P1C4-1-Web-300x222.jpg 300w\" sizes=\"auto, (max-width: 812px) 100vw, 812px\" \/><\/a><\/p>\n<p>Hace entre 2500 y 3000 a\u00f1os, en distintos lugares del actual Noroeste argentino, como en otras \u00e1reas de la zona andina, comenzaron a surgir comunidades agropastoriles y sedentarias. Decimos que eran agropastoriles porque basaban su subsistencia en el cultivo de vegetales y la cr\u00eda de animales, aunque no por eso dejaron de obtener alimentos mediante la recolecci\u00f3n de plantas silvestres o la caza. Decimos que eran sedentarias porque viv\u00edan en un lugar fijo, cerca de sus sembrad\u00edos, si bien hab\u00eda personas solas o peque\u00f1os grupos que se desplazaban estacionalmente en busca de buenos pastos para el ganado.<\/p>\n<p>El paso de la caza y la recolecci\u00f3n a la agricultura y la cr\u00eda de animales no ocurri\u00f3 de manera \u00fanica en todas las regiones: en algunas \u00e1reas no hay evidencias de anteriores ocupaciones cazadoras recolectoras; en otras, ambos tipos de sociedades se solaparon; en otras, la caza y la recolecci\u00f3n siguieron siendo las actividades predominantes, mientras que en \u00e1reas muy cercanas a ellas ya hab\u00eda comunidades agropastoriles. En aquellas zonas donde las comunidades cazadoras y recolectoras dejaron paso a las agropastoriles no hubo un cambio tajante en todas las esferas de la vida. Por ejemplo, en la Puna catamarque\u00f1a, las sociedades agropastoriles usaron los mismos espacios, pero ocuparon distintos pisos altitudinales.<\/p>\n<p><strong>&nbsp;<\/strong><\/p>\n<h3><strong>Distintos tipos de sitios<\/strong><\/h3>\n<p>Los equipos de arque\u00f3logas y arque\u00f3logos que estudian estas primeras comunidades aldeanas trabajan en distintos tipos de sitios.<\/p>\n<ul>\n<li>Bases residenciales, es decir, caser\u00edos o aldeas, lugares de asentamiento permanente, donde estaban las viviendas y usualmente los corrales y los sitios de producci\u00f3n agr\u00edcola.<\/li>\n<li>Puestos temporarios; lugares que, a diferencia de las aldeas, se ocupaban en ciertos momentos para cazar o pastorear. Una comunidad pod\u00eda aprovechar a lo largo del a\u00f1o puestos de pastoreo ubicados en sectores con microclimas particulares y, por ende, distintos tipos de pasturas.<\/li>\n<li>Sitios de producci\u00f3n agr\u00edcola: pod\u00edan ser peque\u00f1as parcelas cerca de las casas, terrazas de cultivo de diversas dimensiones, o parcelas alejadas de las casas. Algunos de estos sitios contaban con canales de riego, otros no.<\/li>\n<li>\u00c1reas de extracci\u00f3n de materias primas, como canteras de piedra, fuentes de arcilla o salinas.<\/li>\n<li>Estructuras rituales: lugares relacionados con ceremonias en las cuales se marcaban y celebraban momentos especiales en la vida de una persona o en la vida social del grupo, como por ejemplo en los ritos de veneraci\u00f3n a ancestros y deidades. Estos lugares pod\u00edan estar vinculados a actividades dom\u00e9sticas y cotidianas o no.<\/li>\n<li>Otros sitios: parapetos de caza, senderos, acequias, etc\u00e9tera.<\/li>\n<\/ul>\n<p><a href=\"http:\/\/www.saantropologia.com.ar\/territorios-ancestrales\/wp-content\/uploads\/2020\/06\/mapa-nuevo-1.jpg\" data-lightbox=\"gal[473]\"><img loading=\"lazy\" decoding=\"async\" class=\"wp-image-1101 size-full aligncenter\" src=\"http:\/\/www.saantropologia.com.ar\/territorios-ancestrales\/wp-content\/uploads\/2020\/06\/mapa-nuevo-1.jpg\" alt=\"\" width=\"2252\" height=\"1548\" srcset=\"https:\/\/www.saantropologia.com.ar\/territorios-ancestrales\/wp-content\/uploads\/2020\/06\/mapa-nuevo-1.jpg 2252w, https:\/\/www.saantropologia.com.ar\/territorios-ancestrales\/wp-content\/uploads\/2020\/06\/mapa-nuevo-1-300x206.jpg 300w, https:\/\/www.saantropologia.com.ar\/territorios-ancestrales\/wp-content\/uploads\/2020\/06\/mapa-nuevo-1-768x528.jpg 768w, https:\/\/www.saantropologia.com.ar\/territorios-ancestrales\/wp-content\/uploads\/2020\/06\/mapa-nuevo-1-1024x704.jpg 1024w\" sizes=\"auto, (max-width: 2252px) 100vw, 2252px\" \/><\/a><\/p>\n<h5>Este mapa de la zona de Antofagasta de la Sierra, en la Puna catamarque\u00f1a, muestra la ubicaci\u00f3n de sitios arqueol\u00f3gicos de distinto tipo.<\/h5>\n<p><strong>Una mirada al Noroeste entre 3000 y 1000 a\u00f1os antes del presente<\/strong><\/p>\n<p>Los ambientes en que se desarrollaron estas primeras comunidades aldeanas fueron muy variados, tanto en lo que tiene que ver con el relieve y la altitud, como con respecto a las caracter\u00edsticas del clima.<\/p>\n<p>A grandes rasgos, en esta zona pueden distinguirse las siguientes ecorregiones.<\/p>\n<ul>\n<li>Al oeste, la Puna y los Altos Andes, caracterizados por su altitud, su aridez y la escasez de cursos superficiales de agua.<\/li>\n<li>Al este de las anteriores, el monte de sierras y bolsones, que se desarrolla entre las cadenas monta\u00f1osas que forman parte de la Cordillera Oriental de la Puna y en las quebradas y valles que se encuentran entre ellos o en las \u00e1reas vecinas. Se trata de un ambiente \u00e1rido a semi\u00e1rido.<\/li>\n<li>Las yungas o selvas de monta\u00f1a, que se desarrollan sobre los cordones de las Sierras Subandinas gracias a los vientos cargados de humedad que llegan desde el oc\u00e9ano Atl\u00e1ntico.<\/li>\n<\/ul>\n<p><a href=\"http:\/\/www.saantropologia.com.ar\/territorios-ancestrales\/wp-content\/uploads\/2020\/05\/P1C4-2-Web.jpg\" data-lightbox=\"gal[473]\"><img loading=\"lazy\" decoding=\"async\" class=\"wp-image-677 aligncenter\" src=\"http:\/\/www.saantropologia.com.ar\/territorios-ancestrales\/wp-content\/uploads\/2020\/05\/P1C4-2-Web.jpg\" alt=\"\" width=\"601\" height=\"445\" srcset=\"https:\/\/www.saantropologia.com.ar\/territorios-ancestrales\/wp-content\/uploads\/2020\/05\/P1C4-2-Web.jpg 630w, https:\/\/www.saantropologia.com.ar\/territorios-ancestrales\/wp-content\/uploads\/2020\/05\/P1C4-2-Web-300x222.jpg 300w\" sizes=\"auto, (max-width: 601px) 100vw, 601px\" \/><\/a><\/p>\n<h5>Ecorregiones del actual Noroeste argentino.<\/h5>\n<p>En cada ecorregi\u00f3n se pueden distinguir \u00e1reas con caracter\u00edsticas diferenciadas, en funci\u00f3n de la altitud, la cercan\u00eda o distancia a cursos de agua y la cantidad de luz recibida: no es lo mismo un lugar que recibe los rayos de sol de manera directa en un cielo usualmente despejado, como sucede en la Puna, que un lugar donde la condensaci\u00f3n de humedad en el aire hace que la cantidad de radiaci\u00f3n solar sea menor, como sucede en las yungas.<\/p>\n<p><a href=\"http:\/\/www.saantropologia.com.ar\/territorios-ancestrales\/wp-content\/uploads\/2020\/04\/Tolar-Grande.jpg\" data-lightbox=\"gal[473]\"><img loading=\"lazy\" decoding=\"async\" class=\"wp-image-642 aligncenter\" src=\"http:\/\/www.saantropologia.com.ar\/territorios-ancestrales\/wp-content\/uploads\/2020\/04\/Tolar-Grande.jpg\" alt=\"\" width=\"601\" height=\"401\" srcset=\"https:\/\/www.saantropologia.com.ar\/territorios-ancestrales\/wp-content\/uploads\/2020\/04\/Tolar-Grande.jpg 800w, https:\/\/www.saantropologia.com.ar\/territorios-ancestrales\/wp-content\/uploads\/2020\/04\/Tolar-Grande-300x200.jpg 300w, https:\/\/www.saantropologia.com.ar\/territorios-ancestrales\/wp-content\/uploads\/2020\/04\/Tolar-Grande-768x513.jpg 768w\" sizes=\"auto, (max-width: 601px) 100vw, 601px\" \/><\/a><\/p>\n<p><a href=\"http:\/\/www.saantropologia.com.ar\/territorios-ancestrales\/wp-content\/uploads\/2020\/04\/Payogasta.jpg\" data-lightbox=\"gal[473]\"><img loading=\"lazy\" decoding=\"async\" class=\"wp-image-641 aligncenter\" src=\"http:\/\/www.saantropologia.com.ar\/territorios-ancestrales\/wp-content\/uploads\/2020\/04\/Payogasta.jpg\" alt=\"\" width=\"601\" height=\"401\" srcset=\"https:\/\/www.saantropologia.com.ar\/territorios-ancestrales\/wp-content\/uploads\/2020\/04\/Payogasta.jpg 858w, https:\/\/www.saantropologia.com.ar\/territorios-ancestrales\/wp-content\/uploads\/2020\/04\/Payogasta-300x200.jpg 300w, https:\/\/www.saantropologia.com.ar\/territorios-ancestrales\/wp-content\/uploads\/2020\/04\/Payogasta-768x512.jpg 768w\" sizes=\"auto, (max-width: 601px) 100vw, 601px\" \/><\/a><\/p>\n<p><a href=\"http:\/\/www.saantropologia.com.ar\/territorios-ancestrales\/wp-content\/uploads\/2020\/04\/Lipeo.jpg\" data-lightbox=\"gal[473]\"><img loading=\"lazy\" decoding=\"async\" class=\"wp-image-640 aligncenter\" src=\"http:\/\/www.saantropologia.com.ar\/territorios-ancestrales\/wp-content\/uploads\/2020\/04\/Lipeo.jpg\" alt=\"\" width=\"601\" height=\"451\" srcset=\"https:\/\/www.saantropologia.com.ar\/territorios-ancestrales\/wp-content\/uploads\/2020\/04\/Lipeo.jpg 850w, https:\/\/www.saantropologia.com.ar\/territorios-ancestrales\/wp-content\/uploads\/2020\/04\/Lipeo-300x225.jpg 300w, https:\/\/www.saantropologia.com.ar\/territorios-ancestrales\/wp-content\/uploads\/2020\/04\/Lipeo-768x576.jpg 768w\" sizes=\"auto, (max-width: 601px) 100vw, 601px\" \/><\/a><\/p>\n<h5>Estas tres fotograf\u00edas dan cuenta de la diversidad de los paisajes del Noroeste si se sigue una trayectoria oeste-este. Las tres se tomaron en la provincia de Salta: en Tolar Grande (puna), Payogasta (prepuna) a y Lipeo (yungas).<\/h5>\n<p><strong>Para saber m\u00e1s<\/strong><\/p>\n<p>Daniel Olivera, Patricia Escola, Alejandra El\u00edas, Susana P\u00e9rez, Pablo Tchilinguirian, Pedro Salminci, Martina P\u00e9rez, Lorena Grana, Jennifer Grant, Aixa Vidal, Violeta Killian Galv\u00e1n y Paula Miranda: \u201cEl formativo en la Puna meridional: de la opci\u00f3n productiva a las sociedades agropastoriles plenas\u201d, en <a href=\"http:\/\/www.saantropologia.com.ar\/wp-content\/uploads\/2016\/01\/CRONICAS-MATERIALES-PRECOLOMBINAS2015.pdf\"><em>Cr\u00f3nicas materiales precolombinas<\/em><\/a>, p\u00e1ginas 663 a 691.<\/p>\n<p><strong>Cr\u00e9ditos<\/strong><\/p>\n<p><strong>Mapa de la zona de Antofagasta de la Sierra. <\/strong>Daniel Olivera, Patricia Escola, Alejandra El\u00edas, Susana P\u00e9rez, Pablo Tchilinguirian, Pedro Salminci, Martina P\u00e9rez, Lorena Grana, Jennifer Grant, Aixa Vidal, Violeta Killian Galv\u00e1n y Paula Miranda: \u201cEl formativo en la Puna meridional: de la opci\u00f3n productiva a las sociedades agropastoriles plenas\u201d, en <a href=\"http:\/\/www.saantropologia.com.ar\/wp-content\/uploads\/2016\/01\/CRONICAS-MATERIALES-PRECOLOMBINAS2015.pdf\"><em>Cr\u00f3nicas materiales precolombinas<\/em><\/a>, p\u00e1gina 664.<\/p>\n<p><strong>Fotograf\u00edas de<\/strong><strong> Tolar Grande, Payogasta y Lipeo.<\/strong> Patricia Piccolini.<\/p>\n","protected":false},"excerpt":{"rendered":"<p>Hace entre 2500 y 3000 a\u00f1os, en distintos lugares del actual Noroeste argentino, como en otras \u00e1reas de la zona andina, comenzaron a surgir comunidades agropastoriles y sedentarias. Decimos que eran agropastoriles porque basaban su subsistencia en el cultivo de vegetales y la cr\u00eda de animales, aunque no por eso dejaron de obtener alimentos mediante la recolecci\u00f3n de plantas silvestres o la caza. Decimos que eran sedentarias porque viv\u00edan [&hellip;]<\/p>\n","protected":false},"author":1,"featured_media":0,"parent":0,"menu_order":0,"comment_status":"closed","ping_status":"closed","template":"","meta":{"footnotes":""},"class_list":["post-473","page","type-page","status-publish","hentry"],"_links":{"self":[{"href":"https:\/\/www.saantropologia.com.ar\/territorios-ancestrales\/wp-json\/wp\/v2\/pages\/473","targetHints":{"allow":["GET"]}}],"collection":[{"href":"https:\/\/www.saantropologia.com.ar\/territorios-ancestrales\/wp-json\/wp\/v2\/pages"}],"about":[{"href":"https:\/\/www.saantropologia.com.ar\/territorios-ancestrales\/wp-json\/wp\/v2\/types\/page"}],"author":[{"embeddable":true,"href":"https:\/\/www.saantropologia.com.ar\/territorios-ancestrales\/wp-json\/wp\/v2\/users\/1"}],"replies":[{"embeddable":true,"href":"https:\/\/www.saantropologia.com.ar\/territorios-ancestrales\/wp-json\/wp\/v2\/comments?post=473"}],"version-history":[{"count":18,"href":"https:\/\/www.saantropologia.com.ar\/territorios-ancestrales\/wp-json\/wp\/v2\/pages\/473\/revisions"}],"predecessor-version":[{"id":1283,"href":"https:\/\/www.saantropologia.com.ar\/territorios-ancestrales\/wp-json\/wp\/v2\/pages\/473\/revisions\/1283"}],"wp:attachment":[{"href":"https:\/\/www.saantropologia.com.ar\/territorios-ancestrales\/wp-json\/wp\/v2\/media?parent=473"}],"curies":[{"name":"wp","href":"https:\/\/api.w.org\/{rel}","templated":true}]}}