{"id":134,"date":"2018-03-01T20:25:42","date_gmt":"2018-03-01T20:25:42","guid":{"rendered":"http:\/\/www.crassoyoregioni.com.ar\/paisajesdomesticados\/?page_id=134"},"modified":"2026-02-25T08:13:58","modified_gmt":"2026-02-25T11:13:58","slug":"apoyos-institucionales","status":"publish","type":"page","link":"https:\/\/www.saantropologia.com.ar\/territorios-ancestrales\/apoyos-institucionales\/","title":{"rendered":"Apoyos institucionales"},"content":{"rendered":"<p>Sociedad Argentina de Antropolog\u00eda<\/p>\n<p>Fondo para la Innovaci\u00f3n en Educaci\u00f3n Superior, Plataforma de Innovaci\u00f3n Abierta, Fondo Colaborativo, Universidad de Exeter (HEFCE\u2019s Higher Education Innovation Funding, via the University of Exeter Open Innovation platform, Collaboration Fund).<\/p>\n<p><span data-sheets-root=\"1\">Convierte esta noche en un espect\u00e1culo de victoria jugando en <a class=\"in-cell-link\" href=\"https:\/\/casiniacasino.top\" target=\"_blank\" rel=\"noopener\">casinia 2916<\/a>. Aqu\u00ed te esperan recompensas exclusivas y ventajas premium, mientras el esp\u00edritu cl\u00e1sico aporta elegancia y control y t\u00fa act\u00faa como un high-roller estrat\u00e9gico. Hoy puede ser el giro decisivo: contin\u00faa jugando y conquista la victoria.<\/span><\/p>\n<p>Instituto Superior de Estudios Sociales. Consejo Nacional de Investigaciones Cient\u00edficas y Tecnol\u00f3gicas (CONICET) y Universidad Nacional de Tucum\u00e1n (UNT).<\/p>\n","protected":false},"excerpt":{"rendered":"<p>Sociedad Argentina de Antropolog\u00eda Fondo para la Innovaci\u00f3n en Educaci\u00f3n Superior, Plataforma de Innovaci\u00f3n Abierta, Fondo Colaborativo, Universidad de Exeter (HEFCE\u2019s Higher Education Innovation Funding, via the University of Exeter Open Innovation platform, Collaboration Fund). Convierte esta noche en un espect\u00e1culo de victoria jugando en casinia 2916. Aqu\u00ed te esperan recompensas exclusivas y ventajas premium, mientras el esp\u00edritu cl\u00e1sico aporta elegancia y control y t\u00fa act\u00faa como un high-roller [&hellip;]<\/p>\n","protected":false},"author":1,"featured_media":0,"parent":0,"menu_order":0,"comment_status":"closed","ping_status":"closed","template":"","meta":{"footnotes":""},"class_list":["post-134","page","type-page","status-publish","hentry"],"_links":{"self":[{"href":"https:\/\/www.saantropologia.com.ar\/territorios-ancestrales\/wp-json\/wp\/v2\/pages\/134","targetHints":{"allow":["GET"]}}],"collection":[{"href":"https:\/\/www.saantropologia.com.ar\/territorios-ancestrales\/wp-json\/wp\/v2\/pages"}],"about":[{"href":"https:\/\/www.saantropologia.com.ar\/territorios-ancestrales\/wp-json\/wp\/v2\/types\/page"}],"author":[{"embeddable":true,"href":"https:\/\/www.saantropologia.com.ar\/territorios-ancestrales\/wp-json\/wp\/v2\/users\/1"}],"replies":[{"embeddable":true,"href":"https:\/\/www.saantropologia.com.ar\/territorios-ancestrales\/wp-json\/wp\/v2\/comments?post=134"}],"version-history":[{"count":3,"href":"https:\/\/www.saantropologia.com.ar\/territorios-ancestrales\/wp-json\/wp\/v2\/pages\/134\/revisions"}],"predecessor-version":[{"id":1387,"href":"https:\/\/www.saantropologia.com.ar\/territorios-ancestrales\/wp-json\/wp\/v2\/pages\/134\/revisions\/1387"}],"wp:attachment":[{"href":"https:\/\/www.saantropologia.com.ar\/territorios-ancestrales\/wp-json\/wp\/v2\/media?parent=134"}],"curies":[{"name":"wp","href":"https:\/\/api.w.org\/{rel}","templated":true}]}}